{"id":7,"date":"2017-05-10T14:27:15","date_gmt":"2017-05-10T12:27:15","guid":{"rendered":"http:\/\/playark.dk\/?page_id=7"},"modified":"2025-09-03T00:26:24","modified_gmt":"2025-09-02T22:26:24","slug":"server-updates","status":"publish","type":"page","link":"https:\/\/playark.dk\/?page_id=7","title":{"rendered":"Server Updates"},"content":{"rendered":"\n<p><strong>03-09-2025<\/strong><\/p>\n\n\n\n<p>Vi \u00e5bner op for PoxARK, som sponsor for Phoxy.<br><\/p>\n\n\n\n<p><strong>30-12-2018<br><br><\/strong>Efter pause p\u00e5 n\u00e6sten 1 \u00e5r, har jeg valgt at starte ARK serveren igen.<br>Den k\u00f8rer mappet Extinction.<br>Skal den k\u00f8re et andet map, s\u00e5 kontakt mig p\u00e5 discord \ud83d\ude42<\/p>\n\n\n\n<p><strong>26-02-2018<br>\n<\/strong>Lukket for Scorched Earth.<br>\nInstalleret Linux server, og installeret ARK vanilla derp\u00e5.<br>\nNedlukning af den store server, og bruger en lille linux server fremover til hosting af ark.<br>\nSkulle der opst\u00e5r performance problemer, m\u00e5 jeg flytte det hele over p\u00e5 den store server.<\/p>\n\n\n\n<p>Grundet til flytningen v\u00e6k, fra den store server, er at den koster for meget i str\u00f8m.<br>\nDerfor er det hele overflyttet til en mindre server, som kun bruger ca 20% str\u00f8m i forhold til den store.<\/p>\n\n\n\n<p><strong>10-06-2017<\/strong><br>\nBegge ARK servere opdateret til version 258.62<\/p>\n\n\n\n<p><strong>06-06-2017<\/strong><br>\nARK Servere er opdateret til version 258.5<br>\nDer er installeret en linux server med ARK Scorched Earth, som ogs\u00e5 er k\u00f8reklar.<br>\nDenne indholder dog ikke mods, men ellers de s\u00e6rvanlige x5-7 i diverse<\/p>\n\n\n\n<p><strong>24-05-2017<\/strong><br>\nARK serveren opdateret til version 257.56<br>\nMods opdateret.<\/p>\n\n\n\n<p><strong>22-05-2017<\/strong><br>\nARK serveren opdateret til version 257.54<br>\nMods opdateret.<br>\nServeren har skiftet navn.<\/p>\n\n\n\n<p><strong>20-05-2017<\/strong><br>\nVores Backup station er br\u00e6ndt af pga str\u00f8mafbrydelse.<br>\nDer er derfor taget Server Backup manuelt.<\/p>\n\n\n\n<p><strong>18-05-2017<\/strong><br>\nMods opdateret.<br>\nSe under server settings, for mods info.<br>\nARK Serveren opdateret til Version 257.499<\/p>\n\n\n\n<p><strong>15-05-2017<\/strong><br>\nMods opdateret.<br>\nSe under server settings, for mods info.<\/p>\n\n\n\n<p><strong>14-05-2017<\/strong><br>\nMods installeret.<br>\nSe under server settings, for mods info.<\/p>\n\n\n\n<p><strong>11-05-2017<\/strong><br>\nOpdatering af Message Of The Day<br>\nOpdateret ARK server til version 257.48<br>\nConfig \u00e6ndret for EggHatchSpeedMultiplier og BabyMatureSpeedMultiplier fra 2 til 5<\/p>\n\n\n\n<p><strong>10-05-2017<\/strong><br>\nDer er idag k\u00f8bt playark.dk til vores hjemmeside \ud83d\ude42<\/p>\n\n\n\n<p><strong>08-05-2017<\/strong><br>\nEfter \u00f8nsker fra flere spillere, har vi pillet lidt p\u00e5 StackSize og Weight for nogle udvalgte items.<br>\nHer af kan n\u00e6ves, wood, stone, fiber, thatch og alle berry mm.<br>\nDette har desv\u00e6rre ikke muligt. Der skal bruges et plugin p\u00e5 dette.<br>\nVi fortr\u00e6kker serveren, s\u00e5 meget vanilla, som muligt.<\/p>\n\n\n\n<p>Vi har om aftenen ca kl 22:40 haft udfald p\u00e5 ark serveren.<br>\nadmin (mig) fyrede en kommando af, som skulle fjerne bygninger fra en tripe (oprydning)<br>\nEfter hurtig genstart af serveren igen, er alt ok igen kl 22:46<\/p>\n\n\n\n<p><strong>07-05-2017<\/strong><br>\nServeren opdateret til 257.0<br>\nDer kom efterf\u00f8lgene en ny version 257.4, som vi ogs\u00e5 har opdateret til.<br>\nMessage Of The Day er ogs\u00e5 blevet opdateret<\/p>\n","protected":false},"excerpt":{"rendered":"<p>03-09-2025 Vi \u00e5bner op for PoxARK, som sponsor for Phoxy. 30-12-2018 Efter pause p\u00e5 n\u00e6sten 1 \u00e5r, har jeg valgt at starte ARK serveren igen.Den k\u00f8rer mappet Extinction.Skal den k\u00f8re et andet map, s\u00e5 kontakt mig p\u00e5 discord \ud83d\ude42 26-02-2018 Lukket for Scorched Earth. Installeret Linux server, og installeret ARK vanilla derp\u00e5. Nedlukning af den [&hellip;]<\/p>\n","protected":false},"author":1,"featured_media":0,"parent":0,"menu_order":0,"comment_status":"closed","ping_status":"closed","template":"","meta":{"footnotes":""},"class_list":["post-7","page","type-page","status-publish","hentry"],"_links":{"self":[{"href":"https:\/\/playark.dk\/index.php?rest_route=\/wp\/v2\/pages\/7","targetHints":{"allow":["GET"]}}],"collection":[{"href":"https:\/\/playark.dk\/index.php?rest_route=\/wp\/v2\/pages"}],"about":[{"href":"https:\/\/playark.dk\/index.php?rest_route=\/wp\/v2\/types\/page"}],"author":[{"embeddable":true,"href":"https:\/\/playark.dk\/index.php?rest_route=\/wp\/v2\/users\/1"}],"replies":[{"embeddable":true,"href":"https:\/\/playark.dk\/index.php?rest_route=%2Fwp%2Fv2%2Fcomments&post=7"}],"version-history":[{"count":28,"href":"https:\/\/playark.dk\/index.php?rest_route=\/wp\/v2\/pages\/7\/revisions"}],"predecessor-version":[{"id":105,"href":"https:\/\/playark.dk\/index.php?rest_route=\/wp\/v2\/pages\/7\/revisions\/105"}],"wp:attachment":[{"href":"https:\/\/playark.dk\/index.php?rest_route=%2Fwp%2Fv2%2Fmedia&parent=7"}],"curies":[{"name":"wp","href":"https:\/\/api.w.org\/{rel}","templated":true}]}}